{"id":1118,"date":"2017-09-14T13:02:43","date_gmt":"2017-09-14T13:02:43","guid":{"rendered":"https:\/\/www.thelatemgallery.eu\/?page_id=1118"},"modified":"2017-09-17T12:18:14","modified_gmt":"2017-09-17T12:18:14","slug":"about-annette-defoort_fr","status":"publish","type":"page","link":"https:\/\/www.thelatemgallery.eu\/?page_id=1118","title":{"rendered":"About Annette Defoort_FR"},"content":{"rendered":"<p><strong>Annette Defoort \u00b0<\/strong>Belgium 1945<\/p>\n<p><img loading=\"lazy\" decoding=\"async\" class=\"alignnone size-full wp-image-706\" src=\"https:\/\/www.thelatemgallery.eu\/wp-content\/uploads\/2017\/09\/fr.png\" alt=\"\" width=\"28\" height=\"28\" \/>Mon travail consiste \u00e0 assembler de mani\u00e8re arbitraire diverses plaques de glaise coup\u00e9es en morceaux de diff\u00e9rentes tailles. J&#8217;\u00e9labore l\u2019\u0153uvre (la sculpture) \u00e0 partir de l&#8217;int\u00e9rieur. J&#8217;essaie de travailler la glaise aussi peu que possible \u00e0 l&#8217;ext\u00e9rieur. Mes statues sont des arch\u00e9types d&#8217;hommes et d&#8217;animaux, sachant que j&#8217;\u00e9vite consciemment tout perfectionnisme. Toute l\u2019\u0153uvre est domin\u00e9e par la rugosit\u00e9, l&#8217;absence de polissage, de planification et de charme. C&#8217;est la spontan\u00e9it\u00e9 qui contr\u00f4le le processus de cr\u00e9ation. Ainsi l\u2019\u0153uvre se construit-elle d&#8217;elle-m\u00eame sans trop d&#8217;intervention de ma part . Des\u00a0 plaques de glaise dures comme du cuir d\u00e9chir\u00e9es puis r\u00e9assembl\u00e9es de mani\u00e8re arbitraire. De temps en temps des d\u00e9bris sont utilis\u00e9s.\u00a0Elaboration d&#8217;une statue de l&#8217;int\u00e9rieur. Le fa\u00e7onnement de la partie ext\u00e9rieure est r\u00e9duit au minimum. La fascination de si\u00e8cles de cultures diverses, de d\u00e9couvertes arch\u00e9ologiques, de bras, de jambes, de t\u00eates,\u00a0 de d\u00e9bris: symbole de l&#8217;homme d\u00e9chir\u00e9. Ne pas travailler l&#8217;ext\u00e9rieur permet \u00e0 l&#8217;int\u00e9rieur de se manifester. Moi-m\u00eame je suis seulement l&#8217;instrument qui se laisse guider par ce que la glaise a elle-m\u00eame \u00e0 raconter. <strong>(Annette Defoort)<\/strong><\/p>\n<p><a href=\"https:\/\/www.thelatemgallery.eu\/?page_id=224\"><img loading=\"lazy\" decoding=\"async\" class=\"alignnone size-large wp-image-1553\" src=\"https:\/\/www.thelatemgallery.eu\/wp-content\/uploads\/2017\/09\/ArtworkAD-1024x410.jpg\" alt=\"\" width=\"525\" height=\"210\" \/><\/a><\/p>\n","protected":false},"excerpt":{"rendered":"<p>Annette Defoort \u00b0Belgium 1945 Mon travail consiste \u00e0 assembler de mani\u00e8re arbitraire diverses plaques de glaise coup\u00e9es en morceaux de diff\u00e9rentes tailles. J&#8217;\u00e9labore l\u2019\u0153uvre (la sculpture) \u00e0 partir de l&#8217;int\u00e9rieur. J&#8217;essaie de travailler la glaise aussi peu que possible \u00e0 l&#8217;ext\u00e9rieur. Mes statues sont des arch\u00e9types d&#8217;hommes et d&#8217;animaux, sachant que j&#8217;\u00e9vite consciemment tout perfectionnisme. &hellip; <\/p>\n<p class=\"link-more\"><a href=\"https:\/\/www.thelatemgallery.eu\/?page_id=1118\" class=\"more-link\">Continue reading<span class=\"screen-reader-text\"> &#8220;About Annette Defoort_FR&#8221;<\/span><\/a><\/p>\n","protected":false},"author":3411,"featured_media":0,"parent":0,"menu_order":0,"comment_status":"closed","ping_status":"closed","template":"","meta":{"footnotes":""},"class_list":["post-1118","page","type-page","status-publish","hentry"],"_links":{"self":[{"href":"https:\/\/www.thelatemgallery.eu\/index.php?rest_route=\/wp\/v2\/pages\/1118","targetHints":{"allow":["GET"]}}],"collection":[{"href":"https:\/\/www.thelatemgallery.eu\/index.php?rest_route=\/wp\/v2\/pages"}],"about":[{"href":"https:\/\/www.thelatemgallery.eu\/index.php?rest_route=\/wp\/v2\/types\/page"}],"author":[{"embeddable":true,"href":"https:\/\/www.thelatemgallery.eu\/index.php?rest_route=\/wp\/v2\/users\/3411"}],"replies":[{"embeddable":true,"href":"https:\/\/www.thelatemgallery.eu\/index.php?rest_route=%2Fwp%2Fv2%2Fcomments&post=1118"}],"version-history":[{"count":5,"href":"https:\/\/www.thelatemgallery.eu\/index.php?rest_route=\/wp\/v2\/pages\/1118\/revisions"}],"predecessor-version":[{"id":1562,"href":"https:\/\/www.thelatemgallery.eu\/index.php?rest_route=\/wp\/v2\/pages\/1118\/revisions\/1562"}],"wp:attachment":[{"href":"https:\/\/www.thelatemgallery.eu\/index.php?rest_route=%2Fwp%2Fv2%2Fmedia&parent=1118"}],"curies":[{"name":"wp","href":"https:\/\/api.w.org\/{rel}","templated":true}]}}

<p><strong>Annette Defoort °</strong>Belgium 1945</p>
<p><img loading="lazy" decoding="async" class="alignnone size-full wp-image-706" src="https://www.thelatemgallery.eu/wp-content/uploads/2017/09/fr.png" alt="" width="28" height="28" />Mon travail consiste à assembler de manière arbitraire diverses plaques de glaise coupées en morceaux de différentes tailles. J&#8217;élabore l’œuvre (la sculpture) à partir de l&#8217;intérieur. J&#8217;essaie de travailler la glaise aussi peu que possible à l&#8217;extérieur. Mes statues sont des archétypes d&#8217;hommes et d&#8217;animaux, sachant que j&#8217;évite consciemment tout perfectionnisme. Toute l’œuvre est dominée par la rugosité, l&#8217;absence de polissage, de planification et de charme. C&#8217;est la spontanéité qui contrôle le processus de création. Ainsi l’œuvre se construit-elle d&#8217;elle-même sans trop d&#8217;intervention de ma part . Des  plaques de glaise dures comme du cuir déchirées puis réassemblées de manière arbitraire. De temps en temps des débris sont utilisés. Elaboration d&#8217;une statue de l&#8217;intérieur. Le façonnement de la partie extérieure est réduit au minimum. La fascination de siècles de cultures diverses, de découvertes archéologiques, de bras, de jambes, de têtes,  de débris: symbole de l&#8217;homme déchiré. Ne pas travailler l&#8217;extérieur permet à l&#8217;intérieur de se manifester. Moi-même je suis seulement l&#8217;instrument qui se laisse guider par ce que la glaise a elle-même à raconter. <strong>(Annette Defoort)</strong></p>
<p><a href="https://www.thelatemgallery.eu/?page_id=224"><img loading="lazy" decoding="async" class="alignnone size-large wp-image-1553" src="https://www.thelatemgallery.eu/wp-content/uploads/2017/09/ArtworkAD-1024x410.jpg" alt="" width="525" height="210" /></a></p>

<p>Annette Defoort °Belgium 1945 Mon travail consiste à assembler de manière arbitraire diverses plaques de glaise coupées en morceaux de différentes tailles. J&#8217;élabore l’œuvre (la sculpture) à partir de l&#8217;intérieur. J&#8217;essaie de travailler la glaise aussi peu que possible à l&#8217;extérieur. Mes statues sont des archétypes d&#8217;hommes et d&#8217;animaux, sachant que j&#8217;évite consciemment tout perfectionnisme. &hellip; </p>
<p class="link-more"><a href="https://www.thelatemgallery.eu/?page_id=1118" class="more-link">Continue reading<span class="screen-reader-text"> &#8220;About Annette Defoort_FR&#8221;</span></a></p>
