{"id":1255,"date":"2017-09-15T11:32:03","date_gmt":"2017-09-15T11:32:03","guid":{"rendered":"https:\/\/www.thelatemgallery.eu\/?page_id=1255"},"modified":"2017-09-22T08:48:25","modified_gmt":"2017-09-22T08:48:25","slug":"about-hans-kitslaar_fr","status":"publish","type":"page","link":"https:\/\/www.thelatemgallery.eu\/?page_id=1255","title":{"rendered":"About Hans Kitslaar_FR"},"content":{"rendered":"<p><strong>HANS KITSLAAR<\/strong> \u2013 \u00b01944 \u2013 ROERMOND &#8211; HOLLANDE<\/p>\n<p>Formation Art Monumental \u00a0\u2013 Academie Maastricht \u2013 Les pays-bas<\/p>\n<p>Formation Peinture &#8211; Institut National des Beaux Arts &#8211; Anvers &#8211; Belgique (Rik Slabbinck)<\/p>\n<p>Formation Peinture Academie St. Lucas \u2013 Gand \u2013 Belgique (Jan Burssens)<\/p>\n<p><img loading=\"lazy\" decoding=\"async\" class=\"alignnone size-full wp-image-706\" src=\"https:\/\/www.thelatemgallery.eu\/wp-content\/uploads\/2017\/09\/fr.png\" alt=\"\" width=\"28\" height=\"28\" \/>Hans Kitslaar a compl\u00e9t\u00e9 sa formation \u00e0 l\u2019<em>Academie de Maastricht <\/em>par l\u2019enseignement du <em>Nationaal Hoger Instituut voor Schone Kunsten van Antwerpen,<\/em> sous la houlette de Rik Slabbinck, professeur et mentor. Il voit son travail r\u00e9compens\u00e9 par de nombreux prix. Un palmar\u00e8s suffisamment convaincant.\u00a0Au cours de ses 50 ans de carri\u00e8re, il a \u00e9volu\u00e9 du n\u00e9o-expressionnisme \u00e0 l\u2019adoption du clair-obscur pour aboutir \u00e0 un style d\u00e9pourvu de tout \u00ab -isme\u00a0\u00bb\u2026 C\u2019est un peintre de lumi\u00e8re et avant tout\u2026 Hans Kitslaar\u00a0! Son style unique devient sa signature dans le monde de la peinture contemporaine.\u00a0Kitslaar est encore et toujours impressionn\u00e9 par l\u2019immense joie que la peinture lui permet de ressentir. Il continue \u00e0 peindre la lumi\u00e8re, source de vie pour la faune et la flore de ce monde, de son monde. Dans son atelier, il transpose sur la toile sa perception de ce miracle, en quelques fines touches et l\u00e9gers coups de brosse&#8230; Sa palette chromatique \u00e9volue perp\u00e9tuellement. Selon la luminosit\u00e9, son \u00e9tat d\u2019esprit ou sa dext\u00e9rit\u00e9, elle adopte une gamme de teintes l\u00e9g\u00e8res, color\u00e9es ou sombres.\u00a0\u00a0Son \u0153uvre fait preuve de spontan\u00e9it\u00e9 et de maturit\u00e9. Il se laisse emporter par ses \u00e9motions, ce qui rend unique chacune de ses toiles. La couleur dominante, le th\u00e8me trait\u00e9, la luminosit\u00e9 et l\u2019incidence de la lumi\u00e8re laissent transpara\u00eetre derri\u00e8re chaque trait les \u00e9motions de l\u2019artiste.<\/p>\n<p>Hans Kitslaar appara\u00eet toujours calme et serein, alors qu\u2019en lui vibre continuellement une force qui le pousse \u00e0 la recherche du supr\u00eame. Une qu\u00eate apparemment \u00e9ternelle, fontaine de vie et secret d\u2019une inventivit\u00e9 sans faille pour cet artiste subtil et cr\u00e9atif.<\/p>\n<p>&nbsp;<\/p>\n<p><a href=\"https:\/\/www.thelatemgallery.eu\/?page_id=1709\"><strong>Texte monographie Hans Kitslaar<\/strong><\/a><\/p>\n<p><a href=\"https:\/\/www.thelatemgallery.eu\/?page_id=417\"><img loading=\"lazy\" decoding=\"async\" class=\"alignnone size-large wp-image-1654\" src=\"https:\/\/www.thelatemgallery.eu\/wp-content\/uploads\/2017\/09\/ArtworkHK-1024x410.jpg\" alt=\"\" width=\"525\" height=\"210\" srcset=\"https:\/\/www.thelatemgallery.eu\/wp-content\/uploads\/2017\/09\/ArtworkHK-1024x410.jpg 1024w, https:\/\/www.thelatemgallery.eu\/wp-content\/uploads\/2017\/09\/ArtworkHK-300x120.jpg 300w, https:\/\/www.thelatemgallery.eu\/wp-content\/uploads\/2017\/09\/ArtworkHK-768x307.jpg 768w, https:\/\/www.thelatemgallery.eu\/wp-content\/uploads\/2017\/09\/ArtworkHK.jpg 1500w\" sizes=\"auto, (max-width: 525px) 100vw, 525px\" \/><\/a><\/p>\n<p><img loading=\"lazy\" decoding=\"async\" class=\"alignnone size-full wp-image-1344\" src=\"https:\/\/www.thelatemgallery.eu\/wp-content\/uploads\/2017\/09\/14.jpg\" alt=\"\" width=\"3264\" height=\"2448\" srcset=\"https:\/\/www.thelatemgallery.eu\/wp-content\/uploads\/2017\/09\/14.jpg 3264w, https:\/\/www.thelatemgallery.eu\/wp-content\/uploads\/2017\/09\/14-300x225.jpg 300w, https:\/\/www.thelatemgallery.eu\/wp-content\/uploads\/2017\/09\/14-768x576.jpg 768w, https:\/\/www.thelatemgallery.eu\/wp-content\/uploads\/2017\/09\/14-1024x768.jpg 1024w\" sizes=\"auto, (max-width: 706px) 89vw, (max-width: 767px) 82vw, 740px\" \/><\/p>\n<p>&nbsp;<\/p>\n<p>&nbsp;<\/p>\n","protected":false},"excerpt":{"rendered":"<p>HANS KITSLAAR \u2013 \u00b01944 \u2013 ROERMOND &#8211; HOLLANDE Formation Art Monumental \u00a0\u2013 Academie Maastricht \u2013 Les pays-bas Formation Peinture &#8211; Institut National des Beaux Arts &#8211; Anvers &#8211; Belgique (Rik Slabbinck) Formation Peinture Academie St. Lucas \u2013 Gand \u2013 Belgique (Jan Burssens) Hans Kitslaar a compl\u00e9t\u00e9 sa formation \u00e0 l\u2019Academie de Maastricht par l\u2019enseignement du &hellip; <\/p>\n<p class=\"link-more\"><a href=\"https:\/\/www.thelatemgallery.eu\/?page_id=1255\" class=\"more-link\">Continue reading<span class=\"screen-reader-text\"> &#8220;About Hans Kitslaar_FR&#8221;<\/span><\/a><\/p>\n","protected":false},"author":3411,"featured_media":0,"parent":0,"menu_order":0,"comment_status":"closed","ping_status":"closed","template":"","meta":{"footnotes":""},"class_list":["post-1255","page","type-page","status-publish","hentry"],"_links":{"self":[{"href":"https:\/\/www.thelatemgallery.eu\/index.php?rest_route=\/wp\/v2\/pages\/1255","targetHints":{"allow":["GET"]}}],"collection":[{"href":"https:\/\/www.thelatemgallery.eu\/index.php?rest_route=\/wp\/v2\/pages"}],"about":[{"href":"https:\/\/www.thelatemgallery.eu\/index.php?rest_route=\/wp\/v2\/types\/page"}],"author":[{"embeddable":true,"href":"https:\/\/www.thelatemgallery.eu\/index.php?rest_route=\/wp\/v2\/users\/3411"}],"replies":[{"embeddable":true,"href":"https:\/\/www.thelatemgallery.eu\/index.php?rest_route=%2Fwp%2Fv2%2Fcomments&post=1255"}],"version-history":[{"count":8,"href":"https:\/\/www.thelatemgallery.eu\/index.php?rest_route=\/wp\/v2\/pages\/1255\/revisions"}],"predecessor-version":[{"id":1711,"href":"https:\/\/www.thelatemgallery.eu\/index.php?rest_route=\/wp\/v2\/pages\/1255\/revisions\/1711"}],"wp:attachment":[{"href":"https:\/\/www.thelatemgallery.eu\/index.php?rest_route=%2Fwp%2Fv2%2Fmedia&parent=1255"}],"curies":[{"name":"wp","href":"https:\/\/api.w.org\/{rel}","templated":true}]}}

<p><strong>HANS KITSLAAR</strong> – °1944 – ROERMOND &#8211; HOLLANDE</p>
<p>Formation Art Monumental  – Academie Maastricht – Les pays-bas</p>
<p>Formation Peinture &#8211; Institut National des Beaux Arts &#8211; Anvers &#8211; Belgique (Rik Slabbinck)</p>
<p>Formation Peinture Academie St. Lucas – Gand – Belgique (Jan Burssens)</p>
<p><img loading="lazy" decoding="async" class="alignnone size-full wp-image-706" src="https://www.thelatemgallery.eu/wp-content/uploads/2017/09/fr.png" alt="" width="28" height="28" />Hans Kitslaar a complété sa formation à l’<em>Academie de Maastricht </em>par l’enseignement du <em>Nationaal Hoger Instituut voor Schone Kunsten van Antwerpen,</em> sous la houlette de Rik Slabbinck, professeur et mentor. Il voit son travail récompensé par de nombreux prix. Un palmarès suffisamment convaincant. Au cours de ses 50 ans de carrière, il a évolué du néo-expressionnisme à l’adoption du clair-obscur pour aboutir à un style dépourvu de tout « -isme »… C’est un peintre de lumière et avant tout… Hans Kitslaar ! Son style unique devient sa signature dans le monde de la peinture contemporaine. Kitslaar est encore et toujours impressionné par l’immense joie que la peinture lui permet de ressentir. Il continue à peindre la lumière, source de vie pour la faune et la flore de ce monde, de son monde. Dans son atelier, il transpose sur la toile sa perception de ce miracle, en quelques fines touches et légers coups de brosse&#8230; Sa palette chromatique évolue perpétuellement. Selon la luminosité, son état d’esprit ou sa dextérité, elle adopte une gamme de teintes légères, colorées ou sombres.  Son œuvre fait preuve de spontanéité et de maturité. Il se laisse emporter par ses émotions, ce qui rend unique chacune de ses toiles. La couleur dominante, le thème traité, la luminosité et l’incidence de la lumière laissent transparaître derrière chaque trait les émotions de l’artiste.</p>
<p>Hans Kitslaar apparaît toujours calme et serein, alors qu’en lui vibre continuellement une force qui le pousse à la recherche du suprême. Une quête apparemment éternelle, fontaine de vie et secret d’une inventivité sans faille pour cet artiste subtil et créatif.</p>
<p>&nbsp;</p>
<p><a href="https://www.thelatemgallery.eu/?page_id=1709"><strong>Texte monographie Hans Kitslaar</strong></a></p>
<p><a href="https://www.thelatemgallery.eu/?page_id=417"><img loading="lazy" decoding="async" class="alignnone size-large wp-image-1654" src="https://www.thelatemgallery.eu/wp-content/uploads/2017/09/ArtworkHK-1024x410.jpg" alt="" width="525" height="210" srcset="https://www.thelatemgallery.eu/wp-content/uploads/2017/09/ArtworkHK-1024x410.jpg 1024w, https://www.thelatemgallery.eu/wp-content/uploads/2017/09/ArtworkHK-300x120.jpg 300w, https://www.thelatemgallery.eu/wp-content/uploads/2017/09/ArtworkHK-768x307.jpg 768w, https://www.thelatemgallery.eu/wp-content/uploads/2017/09/ArtworkHK.jpg 1500w" sizes="auto, (max-width: 525px) 100vw, 525px" /></a></p>
<p><img loading="lazy" decoding="async" class="alignnone size-full wp-image-1344" src="https://www.thelatemgallery.eu/wp-content/uploads/2017/09/14.jpg" alt="" width="3264" height="2448" srcset="https://www.thelatemgallery.eu/wp-content/uploads/2017/09/14.jpg 3264w, https://www.thelatemgallery.eu/wp-content/uploads/2017/09/14-300x225.jpg 300w, https://www.thelatemgallery.eu/wp-content/uploads/2017/09/14-768x576.jpg 768w, https://www.thelatemgallery.eu/wp-content/uploads/2017/09/14-1024x768.jpg 1024w" sizes="auto, (max-width: 706px) 89vw, (max-width: 767px) 82vw, 740px" /></p>
<p>&nbsp;</p>
<p>&nbsp;</p>

<p>HANS KITSLAAR – °1944 – ROERMOND &#8211; HOLLANDE Formation Art Monumental  – Academie Maastricht – Les pays-bas Formation Peinture &#8211; Institut National des Beaux Arts &#8211; Anvers &#8211; Belgique (Rik Slabbinck) Formation Peinture Academie St. Lucas – Gand – Belgique (Jan Burssens) Hans Kitslaar a complété sa formation à l’Academie de Maastricht par l’enseignement du &hellip; </p>
<p class="link-more"><a href="https://www.thelatemgallery.eu/?page_id=1255" class="more-link">Continue reading<span class="screen-reader-text"> &#8220;About Hans Kitslaar_FR&#8221;</span></a></p>
