{"id":2810,"date":"2022-03-09T09:36:39","date_gmt":"2022-03-09T09:36:39","guid":{"rendered":"https:\/\/www.thelatemgallery.eu\/?page_id=2810"},"modified":"2022-05-10T13:30:59","modified_gmt":"2022-05-10T13:30:59","slug":"myriam-eykens-2","status":"publish","type":"page","link":"https:\/\/www.thelatemgallery.eu\/?page_id=2810","title":{"rendered":"Myriam Eykens"},"content":{"rendered":"\n<figure class=\"wp-block-image size-full\"><img loading=\"lazy\" decoding=\"async\" width=\"205\" height=\"208\" src=\"https:\/\/www.thelatemgallery.eu\/wp-content\/uploads\/2022\/03\/myriam22.jpg\" alt=\"\" class=\"wp-image-2811\" srcset=\"https:\/\/www.thelatemgallery.eu\/wp-content\/uploads\/2022\/03\/myriam22.jpg 205w, https:\/\/www.thelatemgallery.eu\/wp-content\/uploads\/2022\/03\/myriam22-100x100.jpg 100w\" sizes=\"auto, (max-width: 205px) 100vw, 205px\" \/><figcaption>MYRIAM EYKENS<\/figcaption><\/figure>\n\n\n\n<p>INFO:      NL <a href=\"https:\/\/www.thelatemgallery.eu\/?page_id=2842\" data-type=\"page\" data-id=\"2842\"><img loading=\"lazy\" decoding=\"async\" width=\"28\" height=\"28\" class=\"wp-image-2838\" style=\"width: 28px;\" src=\"https:\/\/www.thelatemgallery.eu\/wp-content\/uploads\/2022\/03\/ned.png\" alt=\"\"><\/a>     FR     <a href=\"https:\/\/www.thelatemgallery.eu\/?page_id=2844\" data-type=\"page\" data-id=\"2844\"><img loading=\"lazy\" decoding=\"async\" width=\"28\" height=\"28\" class=\"wp-image-706\" style=\"width: 28px;\" src=\"https:\/\/www.thelatemgallery.eu\/wp-content\/uploads\/2017\/09\/fr.png\" alt=\"\"><\/a>      ENG    <a href=\"https:\/\/www.thelatemgallery.eu\/?page_id=2846\" data-type=\"page\" data-id=\"2846\"><img loading=\"lazy\" decoding=\"async\" width=\"28\" height=\"28\" class=\"wp-image-705\" style=\"width: 28px;\" src=\"https:\/\/www.thelatemgallery.eu\/wp-content\/uploads\/2017\/09\/eng.png\" alt=\"\"><\/a><\/p>\n\n\n\n<p>Vlaamse beeldhouwster, studeerde aan de Koninklijke Academie voor Schone Kunsten te Gent, waar zij de beeldhouwers Bert Servaes en Berten Coolens als leraar had. Na haar studies wijdt zij zich volledig aan het beoefenen en verspreiden van haar werk: brons, steen, terracotta en pasteltekeningen.\u00a0Vanaf 1970 ononderbroken individuele en groepstentoonstellingen. Exposeert in Belgi\u00eb, Nederland, Frankrijk, Engeland, Japan en Californi\u00eb. Werk van haar bevindt zich in verscheidene priv\u00e9 verzamelingen in binnen- en buitenland, Europa en de Verenigde Staten.<\/p>\n\n\n\n<figure class=\"wp-block-image size-large\"><a href=\"https:\/\/www.thelatemgallery.eu\/?page_id=2848\"><img loading=\"lazy\" decoding=\"async\" width=\"1024\" height=\"410\" src=\"https:\/\/www.thelatemgallery.eu\/wp-content\/uploads\/2022\/03\/ME0-1024x410.jpg\" alt=\"\" class=\"wp-image-2814\" srcset=\"https:\/\/www.thelatemgallery.eu\/wp-content\/uploads\/2022\/03\/ME0-1024x410.jpg 1024w, https:\/\/www.thelatemgallery.eu\/wp-content\/uploads\/2022\/03\/ME0-300x120.jpg 300w, https:\/\/www.thelatemgallery.eu\/wp-content\/uploads\/2022\/03\/ME0-768x307.jpg 768w, https:\/\/www.thelatemgallery.eu\/wp-content\/uploads\/2022\/03\/ME0.jpg 1500w\" sizes=\"auto, (max-width: 706px) 89vw, (max-width: 767px) 82vw, 740px\" \/><\/a><\/figure>\n","protected":false},"excerpt":{"rendered":"<p>INFO: NL FR ENG Vlaamse beeldhouwster, studeerde aan de Koninklijke Academie voor Schone Kunsten te Gent, waar zij de beeldhouwers Bert Servaes en Berten Coolens als leraar had. Na haar studies wijdt zij zich volledig aan het beoefenen en verspreiden van haar werk: brons, steen, terracotta en pasteltekeningen.\u00a0Vanaf 1970 ononderbroken individuele en groepstentoonstellingen. Exposeert in &hellip; <\/p>\n<p class=\"link-more\"><a href=\"https:\/\/www.thelatemgallery.eu\/?page_id=2810\" class=\"more-link\">Continue reading<span class=\"screen-reader-text\"> &#8220;Myriam Eykens&#8221;<\/span><\/a><\/p>\n","protected":false},"author":3411,"featured_media":0,"parent":0,"menu_order":0,"comment_status":"closed","ping_status":"closed","template":"","meta":{"footnotes":""},"class_list":["post-2810","page","type-page","status-publish","hentry"],"_links":{"self":[{"href":"https:\/\/www.thelatemgallery.eu\/index.php?rest_route=\/wp\/v2\/pages\/2810","targetHints":{"allow":["GET"]}}],"collection":[{"href":"https:\/\/www.thelatemgallery.eu\/index.php?rest_route=\/wp\/v2\/pages"}],"about":[{"href":"https:\/\/www.thelatemgallery.eu\/index.php?rest_route=\/wp\/v2\/types\/page"}],"author":[{"embeddable":true,"href":"https:\/\/www.thelatemgallery.eu\/index.php?rest_route=\/wp\/v2\/users\/3411"}],"replies":[{"embeddable":true,"href":"https:\/\/www.thelatemgallery.eu\/index.php?rest_route=%2Fwp%2Fv2%2Fcomments&post=2810"}],"version-history":[{"count":7,"href":"https:\/\/www.thelatemgallery.eu\/index.php?rest_route=\/wp\/v2\/pages\/2810\/revisions"}],"predecessor-version":[{"id":3014,"href":"https:\/\/www.thelatemgallery.eu\/index.php?rest_route=\/wp\/v2\/pages\/2810\/revisions\/3014"}],"wp:attachment":[{"href":"https:\/\/www.thelatemgallery.eu\/index.php?rest_route=%2Fwp%2Fv2%2Fmedia&parent=2810"}],"curies":[{"name":"wp","href":"https:\/\/api.w.org\/{rel}","templated":true}]}}

<figure class="wp-block-image size-full"><img loading="lazy" decoding="async" width="205" height="208" src="https://www.thelatemgallery.eu/wp-content/uploads/2022/03/myriam22.jpg" alt="" class="wp-image-2811" srcset="https://www.thelatemgallery.eu/wp-content/uploads/2022/03/myriam22.jpg 205w, https://www.thelatemgallery.eu/wp-content/uploads/2022/03/myriam22-100x100.jpg 100w" sizes="auto, (max-width: 205px) 100vw, 205px" /><figcaption>MYRIAM EYKENS</figcaption></figure>



<p>INFO:      NL <a href="https://www.thelatemgallery.eu/?page_id=2842" data-type="page" data-id="2842"><img loading="lazy" decoding="async" width="28" height="28" class="wp-image-2838" style="width: 28px;" src="https://www.thelatemgallery.eu/wp-content/uploads/2022/03/ned.png" alt=""></a>     FR     <a href="https://www.thelatemgallery.eu/?page_id=2844" data-type="page" data-id="2844"><img loading="lazy" decoding="async" width="28" height="28" class="wp-image-706" style="width: 28px;" src="https://www.thelatemgallery.eu/wp-content/uploads/2017/09/fr.png" alt=""></a>      ENG    <a href="https://www.thelatemgallery.eu/?page_id=2846" data-type="page" data-id="2846"><img loading="lazy" decoding="async" width="28" height="28" class="wp-image-705" style="width: 28px;" src="https://www.thelatemgallery.eu/wp-content/uploads/2017/09/eng.png" alt=""></a></p>



<p>Vlaamse beeldhouwster, studeerde aan de Koninklijke Academie voor Schone Kunsten te Gent, waar zij de beeldhouwers Bert Servaes en Berten Coolens als leraar had. Na haar studies wijdt zij zich volledig aan het beoefenen en verspreiden van haar werk: brons, steen, terracotta en pasteltekeningen. Vanaf 1970 ononderbroken individuele en groepstentoonstellingen. Exposeert in België, Nederland, Frankrijk, Engeland, Japan en Californië. Werk van haar bevindt zich in verscheidene privé verzamelingen in binnen- en buitenland, Europa en de Verenigde Staten.</p>



<figure class="wp-block-image size-large"><a href="https://www.thelatemgallery.eu/?page_id=2848"><img loading="lazy" decoding="async" width="1024" height="410" src="https://www.thelatemgallery.eu/wp-content/uploads/2022/03/ME0-1024x410.jpg" alt="" class="wp-image-2814" srcset="https://www.thelatemgallery.eu/wp-content/uploads/2022/03/ME0-1024x410.jpg 1024w, https://www.thelatemgallery.eu/wp-content/uploads/2022/03/ME0-300x120.jpg 300w, https://www.thelatemgallery.eu/wp-content/uploads/2022/03/ME0-768x307.jpg 768w, https://www.thelatemgallery.eu/wp-content/uploads/2022/03/ME0.jpg 1500w" sizes="auto, (max-width: 706px) 89vw, (max-width: 767px) 82vw, 740px" /></a></figure>
