{"id":2844,"date":"2022-03-09T10:25:25","date_gmt":"2022-03-09T10:25:25","guid":{"rendered":"https:\/\/www.thelatemgallery.eu\/?page_id=2844"},"modified":"2022-03-09T10:25:25","modified_gmt":"2022-03-09T10:25:25","slug":"about-myriam-eykens-fr","status":"publish","type":"page","link":"https:\/\/www.thelatemgallery.eu\/?page_id=2844","title":{"rendered":"About Myriam Eykens &#8211; FR"},"content":{"rendered":"\n<figure class=\"wp-block-image size-full\"><img loading=\"lazy\" decoding=\"async\" width=\"28\" height=\"28\" src=\"https:\/\/www.thelatemgallery.eu\/wp-content\/uploads\/2017\/09\/fr.png\" alt=\"\" class=\"wp-image-706\"\/><\/figure>\n\n\n\n<figure class=\"wp-block-image size-full\"><img loading=\"lazy\" decoding=\"async\" width=\"205\" height=\"208\" src=\"https:\/\/www.thelatemgallery.eu\/wp-content\/uploads\/2022\/03\/myriam22.jpg\" alt=\"\" class=\"wp-image-2811\" srcset=\"https:\/\/www.thelatemgallery.eu\/wp-content\/uploads\/2022\/03\/myriam22.jpg 205w, https:\/\/www.thelatemgallery.eu\/wp-content\/uploads\/2022\/03\/myriam22-100x100.jpg 100w\" sizes=\"auto, (max-width: 205px) 100vw, 205px\" \/><\/figure>\n\n\n\n<p>Sculpteure belge, fit ses \u00e9tudes \u00e0 l\u2019Acad\u00e9mie Royale des Beaux Arts de Gand. Elle y eut comme professeurs les sculpteurs Bert Servaes et Berten Coolens. Apr\u00e8s ses \u00e9tudes, elle se consacre uniquement \u00e0 l\u2019exercice et \u00e0 la diffusion de son travail: sculptures en bronze, pierre, terres cuites et dessins au pastel. Expositions ininterrompues individuelles et de groupe, depuis 1970. Expose en Belgique, aux Pays-Bas, en France, en Angleterre, au Japon et en Californie. Ses oeuvres se trouvent dans des collections priv\u00e9es en Belgique et \u00e0 l\u2019\u00e9tranger, en Europe et aux Etats-Unis.<\/p>\n\n\n\n<figure class=\"wp-block-image size-large\"><img loading=\"lazy\" decoding=\"async\" width=\"1024\" height=\"410\" src=\"https:\/\/www.thelatemgallery.eu\/wp-content\/uploads\/2022\/03\/ME0-1024x410.jpg\" alt=\"\" class=\"wp-image-2814\" srcset=\"https:\/\/www.thelatemgallery.eu\/wp-content\/uploads\/2022\/03\/ME0-1024x410.jpg 1024w, https:\/\/www.thelatemgallery.eu\/wp-content\/uploads\/2022\/03\/ME0-300x120.jpg 300w, https:\/\/www.thelatemgallery.eu\/wp-content\/uploads\/2022\/03\/ME0-768x307.jpg 768w, https:\/\/www.thelatemgallery.eu\/wp-content\/uploads\/2022\/03\/ME0.jpg 1500w\" sizes=\"auto, (max-width: 706px) 89vw, (max-width: 767px) 82vw, 740px\" \/><\/figure>\n","protected":false},"excerpt":{"rendered":"<p>Sculpteure belge, fit ses \u00e9tudes \u00e0 l\u2019Acad\u00e9mie Royale des Beaux Arts de Gand. Elle y eut comme professeurs les sculpteurs Bert Servaes et Berten Coolens. Apr\u00e8s ses \u00e9tudes, elle se consacre uniquement \u00e0 l\u2019exercice et \u00e0 la diffusion de son travail: sculptures en bronze, pierre, terres cuites et dessins au pastel. Expositions ininterrompues individuelles et &hellip; <\/p>\n<p class=\"link-more\"><a href=\"https:\/\/www.thelatemgallery.eu\/?page_id=2844\" class=\"more-link\">Continue reading<span class=\"screen-reader-text\"> &#8220;About Myriam Eykens &#8211; FR&#8221;<\/span><\/a><\/p>\n","protected":false},"author":3411,"featured_media":0,"parent":0,"menu_order":0,"comment_status":"closed","ping_status":"closed","template":"","meta":{"footnotes":""},"class_list":["post-2844","page","type-page","status-publish","hentry"],"_links":{"self":[{"href":"https:\/\/www.thelatemgallery.eu\/index.php?rest_route=\/wp\/v2\/pages\/2844","targetHints":{"allow":["GET"]}}],"collection":[{"href":"https:\/\/www.thelatemgallery.eu\/index.php?rest_route=\/wp\/v2\/pages"}],"about":[{"href":"https:\/\/www.thelatemgallery.eu\/index.php?rest_route=\/wp\/v2\/types\/page"}],"author":[{"embeddable":true,"href":"https:\/\/www.thelatemgallery.eu\/index.php?rest_route=\/wp\/v2\/users\/3411"}],"replies":[{"embeddable":true,"href":"https:\/\/www.thelatemgallery.eu\/index.php?rest_route=%2Fwp%2Fv2%2Fcomments&post=2844"}],"version-history":[{"count":1,"href":"https:\/\/www.thelatemgallery.eu\/index.php?rest_route=\/wp\/v2\/pages\/2844\/revisions"}],"predecessor-version":[{"id":2845,"href":"https:\/\/www.thelatemgallery.eu\/index.php?rest_route=\/wp\/v2\/pages\/2844\/revisions\/2845"}],"wp:attachment":[{"href":"https:\/\/www.thelatemgallery.eu\/index.php?rest_route=%2Fwp%2Fv2%2Fmedia&parent=2844"}],"curies":[{"name":"wp","href":"https:\/\/api.w.org\/{rel}","templated":true}]}}

<figure class="wp-block-image size-full"><img loading="lazy" decoding="async" width="28" height="28" src="https://www.thelatemgallery.eu/wp-content/uploads/2017/09/fr.png" alt="" class="wp-image-706"/></figure>



<figure class="wp-block-image size-full"><img loading="lazy" decoding="async" width="205" height="208" src="https://www.thelatemgallery.eu/wp-content/uploads/2022/03/myriam22.jpg" alt="" class="wp-image-2811" srcset="https://www.thelatemgallery.eu/wp-content/uploads/2022/03/myriam22.jpg 205w, https://www.thelatemgallery.eu/wp-content/uploads/2022/03/myriam22-100x100.jpg 100w" sizes="auto, (max-width: 205px) 100vw, 205px" /></figure>



<p>Sculpteure belge, fit ses études à l’Académie Royale des Beaux Arts de Gand. Elle y eut comme professeurs les sculpteurs Bert Servaes et Berten Coolens. Après ses études, elle se consacre uniquement à l’exercice et à la diffusion de son travail: sculptures en bronze, pierre, terres cuites et dessins au pastel. Expositions ininterrompues individuelles et de groupe, depuis 1970. Expose en Belgique, aux Pays-Bas, en France, en Angleterre, au Japon et en Californie. Ses oeuvres se trouvent dans des collections privées en Belgique et à l’étranger, en Europe et aux Etats-Unis.</p>



<figure class="wp-block-image size-large"><img loading="lazy" decoding="async" width="1024" height="410" src="https://www.thelatemgallery.eu/wp-content/uploads/2022/03/ME0-1024x410.jpg" alt="" class="wp-image-2814" srcset="https://www.thelatemgallery.eu/wp-content/uploads/2022/03/ME0-1024x410.jpg 1024w, https://www.thelatemgallery.eu/wp-content/uploads/2022/03/ME0-300x120.jpg 300w, https://www.thelatemgallery.eu/wp-content/uploads/2022/03/ME0-768x307.jpg 768w, https://www.thelatemgallery.eu/wp-content/uploads/2022/03/ME0.jpg 1500w" sizes="auto, (max-width: 706px) 89vw, (max-width: 767px) 82vw, 740px" /></figure>

<p>Sculpteure belge, fit ses études à l’Académie Royale des Beaux Arts de Gand. Elle y eut comme professeurs les sculpteurs Bert Servaes et Berten Coolens. Après ses études, elle se consacre uniquement à l’exercice et à la diffusion de son travail: sculptures en bronze, pierre, terres cuites et dessins au pastel. Expositions ininterrompues individuelles et &hellip; </p>
<p class="link-more"><a href="https://www.thelatemgallery.eu/?page_id=2844" class="more-link">Continue reading<span class="screen-reader-text"> &#8220;About Myriam Eykens &#8211; FR&#8221;</span></a></p>
