{"id":2987,"date":"2022-05-10T12:12:45","date_gmt":"2022-05-10T12:12:45","guid":{"rendered":"https:\/\/www.thelatemgallery.eu\/?page_id=2987"},"modified":"2022-05-10T12:15:50","modified_gmt":"2022-05-10T12:15:50","slug":"florence-dussuyer","status":"publish","type":"page","link":"https:\/\/www.thelatemgallery.eu\/?page_id=2987","title":{"rendered":"Florence Dussuyer"},"content":{"rendered":"\n<figure class=\"wp-block-image size-large is-resized\"><img loading=\"lazy\" decoding=\"async\" src=\"https:\/\/www.thelatemgallery.eu\/wp-content\/uploads\/2022\/05\/ProfielfotoFD-1022x1024.jpg\" alt=\"\" class=\"wp-image-2988\" width=\"190\" height=\"190\" srcset=\"https:\/\/www.thelatemgallery.eu\/wp-content\/uploads\/2022\/05\/ProfielfotoFD-1022x1024.jpg 1022w, https:\/\/www.thelatemgallery.eu\/wp-content\/uploads\/2022\/05\/ProfielfotoFD-300x300.jpg 300w, https:\/\/www.thelatemgallery.eu\/wp-content\/uploads\/2022\/05\/ProfielfotoFD-150x150.jpg 150w, https:\/\/www.thelatemgallery.eu\/wp-content\/uploads\/2022\/05\/ProfielfotoFD-768x770.jpg 768w, https:\/\/www.thelatemgallery.eu\/wp-content\/uploads\/2022\/05\/ProfielfotoFD-1532x1536.jpg 1532w, https:\/\/www.thelatemgallery.eu\/wp-content\/uploads\/2022\/05\/ProfielfotoFD-100x100.jpg 100w, https:\/\/www.thelatemgallery.eu\/wp-content\/uploads\/2022\/05\/ProfielfotoFD.jpg 1703w\" sizes=\"auto, (max-width: 190px) 100vw, 190px\" \/><\/figure>\n\n\n\n<figure class=\"wp-block-image size-large\"><a href=\"https:\/\/www.thelatemgallery.eu\/?page_id=2961\"><img loading=\"lazy\" decoding=\"async\" width=\"1024\" height=\"410\" src=\"https:\/\/www.thelatemgallery.eu\/wp-content\/uploads\/2022\/05\/ArtworkFD-1024x410.jpg\" alt=\"\" class=\"wp-image-2962\" srcset=\"https:\/\/www.thelatemgallery.eu\/wp-content\/uploads\/2022\/05\/ArtworkFD-1024x410.jpg 1024w, https:\/\/www.thelatemgallery.eu\/wp-content\/uploads\/2022\/05\/ArtworkFD-300x120.jpg 300w, https:\/\/www.thelatemgallery.eu\/wp-content\/uploads\/2022\/05\/ArtworkFD-768x307.jpg 768w, https:\/\/www.thelatemgallery.eu\/wp-content\/uploads\/2022\/05\/ArtworkFD.jpg 1500w\" sizes=\"auto, (max-width: 706px) 89vw, (max-width: 767px) 82vw, 740px\" \/><\/a><\/figure>\n\n\n\n<p>N\u00e9e en 1978. Vit et travaille dans le Rh\u00f4ne (FR).<br>Formation en arts appliqu\u00e9s \u00e0 Lyon et en arts plastiques \u00e0 Saint Etienne avec un stage aux Beaux-arts&nbsp;d\u2019H\u00f4-chi-Minh.<br>Voyages&nbsp;: Vietnam, Inde, Maroc, Tunisie, Singapour, Yougoslavie, Autriche, Allemagne, Italie, Espagne, Suisse, Belgique.<br>Enseignement et animation aupr\u00e8s d\u2019enfants pendant 12 ans.<\/p>\n\n\n\n<ul class=\"wp-block-list\"><li>2019&nbsp;: Prix de peinture Alain Brugnon d\u00e9cern\u00e9 par la Fondation Taylor, Paris (FR)<br><a rel=\"noreferrer noopener\" href=\"https:\/\/www.taylor.fr\/florence-dussuyer-prix-alain-brugnon-2019\" target=\"_blank\">https:\/\/www.taylor.fr\/florence-dussuyer-prix-alain-brugnon-2019<\/a><\/li><li>2007&nbsp;: Prix du pr\u00e9sident du Salon SLBA, Lyon (FR)<\/li><\/ul>\n\n\n\n<p><strong>2021<\/strong><\/p>\n\n\n\n<p>Elles en ont tant r\u00eav\u00e9, Centre d\u2019Art Contemporain de la Matmut, Ch\u00e2teau de Saint-Pierre de Varengeville (FR)<br><a href=\"https:\/\/www.matmutpourlesarts.fr\/centre-art-contemporain\/expositions\/3\/florence-dussuyer-elles-en-ont-tant-reve#mpla-exposition-container\" target=\"_blank\" rel=\"noreferrer noopener\">https:\/\/www.matmutpourlesarts.fr\/centre-art-contemporain\/expositions\/3\/florence-dussuyer-elles-en-ont-tant-reve#mpla-exposition-container<\/a><\/p>\n\n\n\n<figure class=\"wp-block-image\"><img decoding=\"async\" src=\"https:\/\/www.florencedussuyer.com\/wp-content\/uploads\/2022\/03\/matmut-1024x640-1-810x506.jpg\" alt=\"\" class=\"wp-image-370\"\/><\/figure>\n","protected":false},"excerpt":{"rendered":"<p>N\u00e9e en 1978. Vit et travaille dans le Rh\u00f4ne (FR).Formation en arts appliqu\u00e9s \u00e0 Lyon et en arts plastiques \u00e0 Saint Etienne avec un stage aux Beaux-arts&nbsp;d\u2019H\u00f4-chi-Minh.Voyages&nbsp;: Vietnam, Inde, Maroc, Tunisie, Singapour, Yougoslavie, Autriche, Allemagne, Italie, Espagne, Suisse, Belgique.Enseignement et animation aupr\u00e8s d\u2019enfants pendant 12 ans. 2019&nbsp;: Prix de peinture Alain Brugnon d\u00e9cern\u00e9 par la &hellip; <\/p>\n<p class=\"link-more\"><a href=\"https:\/\/www.thelatemgallery.eu\/?page_id=2987\" class=\"more-link\">Continue reading<span class=\"screen-reader-text\"> &#8220;Florence Dussuyer&#8221;<\/span><\/a><\/p>\n","protected":false},"author":3411,"featured_media":0,"parent":0,"menu_order":0,"comment_status":"closed","ping_status":"closed","template":"","meta":{"footnotes":""},"class_list":["post-2987","page","type-page","status-publish","hentry"],"_links":{"self":[{"href":"https:\/\/www.thelatemgallery.eu\/index.php?rest_route=\/wp\/v2\/pages\/2987","targetHints":{"allow":["GET"]}}],"collection":[{"href":"https:\/\/www.thelatemgallery.eu\/index.php?rest_route=\/wp\/v2\/pages"}],"about":[{"href":"https:\/\/www.thelatemgallery.eu\/index.php?rest_route=\/wp\/v2\/types\/page"}],"author":[{"embeddable":true,"href":"https:\/\/www.thelatemgallery.eu\/index.php?rest_route=\/wp\/v2\/users\/3411"}],"replies":[{"embeddable":true,"href":"https:\/\/www.thelatemgallery.eu\/index.php?rest_route=%2Fwp%2Fv2%2Fcomments&post=2987"}],"version-history":[{"count":3,"href":"https:\/\/www.thelatemgallery.eu\/index.php?rest_route=\/wp\/v2\/pages\/2987\/revisions"}],"predecessor-version":[{"id":2991,"href":"https:\/\/www.thelatemgallery.eu\/index.php?rest_route=\/wp\/v2\/pages\/2987\/revisions\/2991"}],"wp:attachment":[{"href":"https:\/\/www.thelatemgallery.eu\/index.php?rest_route=%2Fwp%2Fv2%2Fmedia&parent=2987"}],"curies":[{"name":"wp","href":"https:\/\/api.w.org\/{rel}","templated":true}]}}

<figure class="wp-block-image size-large is-resized"><img loading="lazy" decoding="async" src="https://www.thelatemgallery.eu/wp-content/uploads/2022/05/ProfielfotoFD-1022x1024.jpg" alt="" class="wp-image-2988" width="190" height="190" srcset="https://www.thelatemgallery.eu/wp-content/uploads/2022/05/ProfielfotoFD-1022x1024.jpg 1022w, https://www.thelatemgallery.eu/wp-content/uploads/2022/05/ProfielfotoFD-300x300.jpg 300w, https://www.thelatemgallery.eu/wp-content/uploads/2022/05/ProfielfotoFD-150x150.jpg 150w, https://www.thelatemgallery.eu/wp-content/uploads/2022/05/ProfielfotoFD-768x770.jpg 768w, https://www.thelatemgallery.eu/wp-content/uploads/2022/05/ProfielfotoFD-1532x1536.jpg 1532w, https://www.thelatemgallery.eu/wp-content/uploads/2022/05/ProfielfotoFD-100x100.jpg 100w, https://www.thelatemgallery.eu/wp-content/uploads/2022/05/ProfielfotoFD.jpg 1703w" sizes="auto, (max-width: 190px) 100vw, 190px" /></figure>



<figure class="wp-block-image size-large"><a href="https://www.thelatemgallery.eu/?page_id=2961"><img loading="lazy" decoding="async" width="1024" height="410" src="https://www.thelatemgallery.eu/wp-content/uploads/2022/05/ArtworkFD-1024x410.jpg" alt="" class="wp-image-2962" srcset="https://www.thelatemgallery.eu/wp-content/uploads/2022/05/ArtworkFD-1024x410.jpg 1024w, https://www.thelatemgallery.eu/wp-content/uploads/2022/05/ArtworkFD-300x120.jpg 300w, https://www.thelatemgallery.eu/wp-content/uploads/2022/05/ArtworkFD-768x307.jpg 768w, https://www.thelatemgallery.eu/wp-content/uploads/2022/05/ArtworkFD.jpg 1500w" sizes="auto, (max-width: 706px) 89vw, (max-width: 767px) 82vw, 740px" /></a></figure>



<p>Née en 1978. Vit et travaille dans le Rhône (FR).<br>Formation en arts appliqués à Lyon et en arts plastiques à Saint Etienne avec un stage aux Beaux-arts&nbsp;d’Hô-chi-Minh.<br>Voyages&nbsp;: Vietnam, Inde, Maroc, Tunisie, Singapour, Yougoslavie, Autriche, Allemagne, Italie, Espagne, Suisse, Belgique.<br>Enseignement et animation auprès d’enfants pendant 12 ans.</p>



<ul class="wp-block-list"><li>2019&nbsp;: Prix de peinture Alain Brugnon décerné par la Fondation Taylor, Paris (FR)<br><a rel="noreferrer noopener" href="https://www.taylor.fr/florence-dussuyer-prix-alain-brugnon-2019" target="_blank">https://www.taylor.fr/florence-dussuyer-prix-alain-brugnon-2019</a></li><li>2007&nbsp;: Prix du président du Salon SLBA, Lyon (FR)</li></ul>



<p><strong>2021</strong></p>



<p>Elles en ont tant rêvé, Centre d’Art Contemporain de la Matmut, Château de Saint-Pierre de Varengeville (FR)<br><a href="https://www.matmutpourlesarts.fr/centre-art-contemporain/expositions/3/florence-dussuyer-elles-en-ont-tant-reve#mpla-exposition-container" target="_blank" rel="noreferrer noopener">https://www.matmutpourlesarts.fr/centre-art-contemporain/expositions/3/florence-dussuyer-elles-en-ont-tant-reve#mpla-exposition-container</a></p>



<figure class="wp-block-image"><img decoding="async" src="https://www.florencedussuyer.com/wp-content/uploads/2022/03/matmut-1024x640-1-810x506.jpg" alt="" class="wp-image-370"/></figure>

<p>Née en 1978. Vit et travaille dans le Rhône (FR).Formation en arts appliqués à Lyon et en arts plastiques à Saint Etienne avec un stage aux Beaux-arts&nbsp;d’Hô-chi-Minh.Voyages&nbsp;: Vietnam, Inde, Maroc, Tunisie, Singapour, Yougoslavie, Autriche, Allemagne, Italie, Espagne, Suisse, Belgique.Enseignement et animation auprès d’enfants pendant 12 ans. 2019&nbsp;: Prix de peinture Alain Brugnon décerné par la &hellip; </p>
<p class="link-more"><a href="https://www.thelatemgallery.eu/?page_id=2987" class="more-link">Continue reading<span class="screen-reader-text"> &#8220;Florence Dussuyer&#8221;</span></a></p>
